{"version":"1.0","provider_name":"Bureau de la vie \u00e9tudiante","provider_url":"https:\/\/www.bve.ulaval.ca\/en\/","title":"Salon de la for\u00eat 2026 \u00abDans une for\u00eat pr\u00e8s de chez vous\u00bb | Bureau de la vie \u00e9tudiante","type":"rich","width":600,"height":338,"html":"<blockquote class=\"wp-embedded-content\" data-secret=\"eWEJSNkDRB\"><a href=\"https:\/\/www.bve.ulaval.ca\/en\/nouvelles\/salon-de-la-foret-2026\/\">Salon de la for\u00eat 2026 \u00abDans une for\u00eat pr\u00e8s de chez vous\u00bb<\/a><\/blockquote><iframe sandbox=\"allow-scripts\" security=\"restricted\" src=\"https:\/\/www.bve.ulaval.ca\/en\/nouvelles\/salon-de-la-foret-2026\/embed\/#?secret=eWEJSNkDRB\" width=\"600\" height=\"338\" title=\"&#8220;Salon de la for\u00eat 2026 \u00abDans une for\u00eat pr\u00e8s de chez vous\u00bb&#8221; &#8212; Bureau de la vie \u00e9tudiante\" data-secret=\"eWEJSNkDRB\" frameborder=\"0\" marginwidth=\"0\" marginheight=\"0\" scrolling=\"no\" class=\"wp-embedded-content\"><\/iframe><script type=\"text\/javascript\">\n\/* <![CDATA[ *\/\n\/*! This file is auto-generated *\/\n!function(d,l){\"use strict\";l.querySelector&&d.addEventListener&&\"undefined\"!=typeof URL&&(d.wp=d.wp||{},d.wp.receiveEmbedMessage||(d.wp.receiveEmbedMessage=function(e){var t=e.data;if((t||t.secret||t.message||t.value)&&!\/[^a-zA-Z0-9]\/.test(t.secret)){for(var s,r,n,a=l.querySelectorAll('iframe[data-secret=\"'+t.secret+'\"]'),o=l.querySelectorAll('blockquote[data-secret=\"'+t.secret+'\"]'),c=new RegExp(\"^https?:$\",\"i\"),i=0;i<o.length;i++)o[i].style.display=\"none\";for(i=0;i<a.length;i++)s=a[i],e.source===s.contentWindow&&(s.removeAttribute(\"style\"),\"height\"===t.message?(1e3<(r=parseInt(t.value,10))?r=1e3:~~r<200&&(r=200),s.height=r):\"link\"===t.message&&(r=new URL(s.getAttribute(\"src\")),n=new URL(t.value),c.test(n.protocol))&&n.host===r.host&&l.activeElement===s&&(d.top.location.href=t.value))}},d.addEventListener(\"message\",d.wp.receiveEmbedMessage,!1),l.addEventListener(\"DOMContentLoaded\",function(){for(var e,t,s=l.querySelectorAll(\"iframe.wp-embedded-content\"),r=0;r<s.length;r++)(t=(e=s[r]).getAttribute(\"data-secret\"))||(t=Math.random().toString(36).substring(2,12),e.src+=\"#?secret=\"+t,e.setAttribute(\"data-secret\",t)),e.contentWindow.postMessage({message:\"ready\",secret:t},\"*\")},!1)))}(window,document);\n\/\/# sourceURL=https:\/\/www.bve.ulaval.ca\/wp-includes\/js\/wp-embed.min.js\n\/* ]]> *\/\n<\/script>\n","description":"Le Salon de la for\u00eat 2026 se d\u00e9roulera les 21 et 22 mars, de 9h \u00e0 16h, au pavillon Alphonse-Desjardins. Ateliers de vannerie et de sculpture de bois, espace jeunesse, et nombreux exposants seront sur place. Plusieurs conf\u00e9renciers prendront \u00e9galement la parole afin de partager leur passion. Pour tout savoir, visitez notre site web et [&hellip;]","thumbnail_url":"https:\/\/www.bve.ulaval.ca\/wp-content\/uploads\/2025\/03\/logo_2026.jpg","thumbnail_width":1004,"thumbnail_height":827}

Bureau de la vie étudiante

Salon de la forêt 2026 «Dans une forêt près de chez vous» | Bureau de la vie étudiante

<blockquote class="wp-embedded-content" data-secret="eWEJSNkDRB"><a href="https://www.bve.ulaval.ca/en/nouvelles/salon-de-la-foret-2026/">Salon de la forêt 2026 «Dans une forêt près de chez vous»</a></blockquote><iframe sandbox="allow-scripts" security="restricted" src="https://www.bve.ulaval.ca/en/nouvelles/salon-de-la-foret-2026/embed/#?secret=eWEJSNkDRB" width="600" height="338" title="&#8220;Salon de la forêt 2026 «Dans une forêt près de chez vous»&#8221; &#8212; Bureau de la vie étudiante" data-secret="eWEJSNkDRB" frameborder="0" marginwidth="0" marginheight="0" scrolling="no" class="wp-embedded-content"></iframe><script type="text/javascript">
/* <![CDATA[ */
/*! This file is auto-generated */
!function(d,l){"use strict";l.querySelector&&d.addEventListener&&"undefined"!=typeof URL&&(d.wp=d.wp||{},d.wp.receiveEmbedMessage||(d.wp.receiveEmbedMessage=function(e){var t=e.data;if((t||t.secret||t.message||t.value)&&!/[^a-zA-Z0-9]/.test(t.secret)){for(var s,r,n,a=l.querySelectorAll('iframe[data-secret="'+t.secret+'"]'),o=l.querySelectorAll('blockquote[data-secret="'+t.secret+'"]'),c=new RegExp("^https?:$","i"),i=0;i<o.length;i++)o[i].style.display="none";for(i=0;i<a.length;i++)s=a[i],e.source===s.contentWindow&&(s.removeAttribute("style"),"height"===t.message?(1e3<(r=parseInt(t.value,10))?r=1e3:~~r<200&&(r=200),s.height=r):"link"===t.message&&(r=new URL(s.getAttribute("src")),n=new URL(t.value),c.test(n.protocol))&&n.host===r.host&&l.activeElement===s&&(d.top.location.href=t.value))}},d.addEventListener("message",d.wp.receiveEmbedMessage,!1),l.addEventListener("DOMContentLoaded",function(){for(var e,t,s=l.querySelectorAll("iframe.wp-embedded-content"),r=0;r<s.length;r++)(t=(e=s[r]).getAttribute("data-secret"))||(t=Math.random().toString(36).substring(2,12),e.src+="#?secret="+t,e.setAttribute("data-secret",t)),e.contentWindow.postMessage({message:"ready",secret:t},"*")},!1)))}(window,document);
//# sourceURL=https://www.bve.ulaval.ca/wp-includes/js/wp-embed.min.js
/* ]]> */
</script>

Le Salon de la forêt 2026 se déroulera les 21 et 22 mars, de 9h à 16h, au pavillon Alphonse-Desjardins. Ateliers de vannerie et de sculpture de bois, espace jeunesse, et nombreux exposants seront sur place. Plusieurs conférenciers prendront également la parole afin de partager leur passion. Pour tout savoir, visitez notre site web et [&hellip;]
